{"id":290,"date":"2017-06-21T04:59:10","date_gmt":"2017-06-21T04:59:10","guid":{"rendered":"http:\/\/smartdata.tonytemplates.com\/cleaning-service\/?page_id=290"},"modified":"2024-11-29T18:18:01","modified_gmt":"2024-11-29T21:18:01","slug":"quienes-somos","status":"publish","type":"page","link":"https:\/\/mgpindustrial.cl\/tienda\/quienes-somos\/","title":{"rendered":"Quienes somos"},"content":{"rendered":"<p>[vc_row css=&#8221;.vc_custom_1502334726697{margin-top: -25px !important;}&#8221;][vc_column][vc_column_text]<\/p>\n<h1 class=\"text-center h-decor\">Sobre MGP Industrial<\/h1>\n<p>[\/vc_column_text][\/vc_column][\/vc_row][vc_row full_width=&#8221;stretch_row_content_no_spaces&#8221; css=&#8221;.vc_custom_1499060433376{background-color: #f6f6f7 !important;}&#8221; el_class=&#8221;about-top-txt&#8221;][vc_column width=&#8221;1\/2&#8243;][vc_empty_space][vc_single_image image=&#8221;1297&#8243; img_size=&#8221;500&#215;280&#8243; alignment=&#8221;center&#8221;][\/vc_column][vc_column width=&#8221;1\/2&#8243; el_class=&#8221;row-flex-text&#8221;][vc_column_text el_class=&#8221;col-50 ab-pages&#8221;]<\/p>\n<div class=\"bg-text-inside\">\n<h3><b>MGP Divisi\u00f3n de Art\u00edculos de Aseo Industrial<\/b><\/h3>\n<p>Fue creada en el a\u00f1o 2015, para formar parte del mercado empresarial Chileno, dedicado a la Importaci\u00f3n, Comercializaci\u00f3n y Distribuci\u00f3n de art\u00edculos de Aseo&nbsp; Industrial y&nbsp; para el Hogar.<\/p>\n<p>Nuestra trayectoria, &nbsp;nos ha permitido consolidarnos como una empresa s\u00f3lida, &nbsp;seria y responsable, &nbsp;que cumple a cabalidad con las necesidades de nuestros clientes, permiti\u00e9ndonos,&nbsp; entregar una excelente relaci\u00f3n&nbsp; precio\/ calidad &nbsp;de nuestros productos.<\/p>\n<\/div>\n<p>[\/vc_column_text][\/vc_column][\/vc_row][vc_row][vc_column][vc_single_image image=&#8221;2277&#8243; img_size=&#8221;full&#8221; alignment=&#8221;center&#8221; onclick=&#8221;custom_link&#8221; img_link_target=&#8221;_blank&#8221; link=&#8221;https:\/\/api.whatsapp.com\/send?phone=56982001287&amp;text=Hola,%20estoy%20interesado%20en%20la%20compra%20de%20articulos%20de%20aseo%20industrial&#8221;][vc_empty_space height=&#8221;50px&#8221;]<div class=\"row\">        <div class=\"col-sm-6 col-xs-12\">\n            <h2>Nuestra Misi\u00f3n<\/h2>\n            <div class=\"text-icon-hor\">\n                <div class=\"text-icon-hor-icon\">\n                    <i class=\"icon icon-target-lined\"><\/i>\n                <\/div>\n                <div class=\"text-icon-hor-text\">\n                    Abastecer al mercado con Art\u00edculos de Aseo Industrial y para el Hogar, con productos altamente efectivos, que garanticen a nuestros Clientes, ambientes limpios e higi\u00e9nicos.<\/p>\n<p>Nos enfocamos en entregar un servicio integral y eficiente, basado en la rapidez de entrega y en la disponibilidad de nuestros productos, contribuyendo al mejoramiento continuo y la permanente satisfacci\u00f3n de nuestros clientes.                <\/div>\n            <\/div>\n        <\/div>\n                <div class=\"col-sm-6 col-xs-12\">\n            <h2>Nuestra Visi\u00f3n<\/h2>\n            <div class=\"text-icon-hor\">\n                <div class=\"text-icon-hor-icon\">\n                    <i class=\"icon icon-brush-lined\"><\/i>\n                <\/div>\n                <div class=\"text-icon-hor-text\">\n                    Ser una empresa Vanguardista, en la Comercializaci\u00f3n, Importaci\u00f3n y Distribuci\u00f3n de productos de vasta calidad y bajos precios, brindando&nbsp; soluciones integrales y altamente satisfactorias a nuestros clientes en el Mercado Nacional.<\/p>\n<p>Ser la empresa especialista en comercializar, importar y distribuir productos de aseo industrial de mayor participaci\u00f3n de mercado dentro de las empresas del rubro, con un enfoque especializado en mopas, teniendo siempre stock, sin importar la situaci\u00f3n global.                <\/div>\n            <\/div>\n        <\/div>\n        <\/div>[vc_empty_space height=&#8221;100px&#8221;][\/vc_column][\/vc_row][vc_row full_width=&#8221;stretch_row_content_no_spaces&#8221; el_class=&#8221;block fullwidth-bg bg-gradient-1 inset-35 home-block-1&#8243;][vc_column][vc_column_text el_class=&#8221;get-banner&#8221;]<\/p>\n<h2>\u00bfDeseas ser distribuidor?<br \/>\nTenemos precios especiales para ti&#8230;<\/h2>\n<p>[\/vc_column_text]                    <a href=\"https:\/\/mgpindustrial.cl\/tienda\/ser-distribuidor\/\" class=\"btn about-pages-btn btn-white\">\n             <i class=\"icon icon-market\"><\/i>\n             QUIERO SER DISTRIBUIDOR             <\/a>\n        [\/vc_column][\/vc_row]<\/p>\n","protected":false},"excerpt":{"rendered":"<p>[vc_row css=&#8221;.vc_custom_1502334726697{margin-top: -25px !important;}&#8221;][vc_column][vc_column_text] Sobre MGP Industrial [\/vc_column_text][\/vc_column][\/vc_row][vc_row full_width=&#8221;stretch_row_content_no_spaces&#8221; css=&#8221;.vc_custom_1499060433376{background-color: #f6f6f7 !important;}&#8221; el_class=&#8221;about-top-txt&#8221;][vc_column width=&#8221;1\/2&#8243;][vc_empty_space][vc_single_image image=&#8221;1297&#8243; img_size=&#8221;500&#215;280&#8243; alignment=&#8221;center&#8221;][\/vc_column][vc_column width=&#8221;1\/2&#8243; el_class=&#8221;row-flex-text&#8221;][vc_column_text el_class=&#8221;col-50 ab-pages&#8221;] MGP Divisi\u00f3n de Art\u00edculos de Aseo Industrial Fue creada en el a\u00f1o 2015, para formar parte del mercado empresarial Chileno, dedicado a la Importaci\u00f3n, Comercializaci\u00f3n y Distribuci\u00f3n de art\u00edculos de Aseo&nbsp; Industrial y&nbsp; para [&hellip;]<\/p>\n","protected":false},"author":1,"featured_media":0,"parent":0,"menu_order":0,"comment_status":"closed","ping_status":"closed","template":"","meta":{"ngg_post_thumbnail":0,"_joinchat":[],"footnotes":""},"class_list":["post-290","page","type-page","status-publish","hentry"],"yoast_head":"<!-- This site is optimized with the Yoast SEO plugin v25.1 - https:\/\/yoast.com\/wordpress\/plugins\/seo\/ -->\n<title>Quienes somos - MGP Industrial<\/title>\n<meta name=\"robots\" content=\"index, follow, max-snippet:-1, max-image-preview:large, max-video-preview:-1\" \/>\n<link rel=\"canonical\" href=\"https:\/\/mgpindustrial.cl\/tienda\/quienes-somos\/\" \/>\n<meta property=\"og:locale\" content=\"es_ES\" \/>\n<meta property=\"og:type\" content=\"article\" \/>\n<meta property=\"og:title\" content=\"Quienes somos - MGP Industrial\" \/>\n<meta property=\"og:description\" content=\"[vc_row css=&#8221;.vc_custom_1502334726697{margin-top: -25px !important;}&#8221;][vc_column][vc_column_text] Sobre MGP Industrial [\/vc_column_text][\/vc_column][\/vc_row][vc_row full_width=&#8221;stretch_row_content_no_spaces&#8221; css=&#8221;.vc_custom_1499060433376{background-color: #f6f6f7 !important;}&#8221; el_class=&#8221;about-top-txt&#8221;][vc_column width=&#8221;1\/2&#8243;][vc_empty_space][vc_single_image image=&#8221;1297&#8243; img_size=&#8221;500&#215;280&#8243; alignment=&#8221;center&#8221;][\/vc_column][vc_column width=&#8221;1\/2&#8243; el_class=&#8221;row-flex-text&#8221;][vc_column_text el_class=&#8221;col-50 ab-pages&#8221;] MGP Divisi\u00f3n de Art\u00edculos de Aseo Industrial Fue creada en el a\u00f1o 2015, para formar parte del mercado empresarial Chileno, dedicado a la Importaci\u00f3n, Comercializaci\u00f3n y Distribuci\u00f3n de art\u00edculos de Aseo&nbsp; Industrial y&nbsp; para [&hellip;]\" \/>\n<meta property=\"og:url\" content=\"https:\/\/mgpindustrial.cl\/tienda\/quienes-somos\/\" \/>\n<meta property=\"og:site_name\" content=\"MGP Industrial\" \/>\n<meta property=\"article:modified_time\" content=\"2024-11-29T21:18:01+00:00\" \/>\n<meta name=\"twitter:card\" content=\"summary_large_image\" \/>\n<meta name=\"twitter:label1\" content=\"Tiempo estimado de lectura\" \/>\n\t<meta name=\"twitter:data1\" content=\"2 minutos\" \/>\n<script type=\"application\/ld+json\" class=\"yoast-schema-graph\">{\"@context\":\"https:\/\/schema.org\",\"@graph\":[{\"@type\":\"WebPage\",\"@id\":\"https:\/\/mgpindustrial.cl\/tienda\/quienes-somos\/\",\"url\":\"https:\/\/mgpindustrial.cl\/tienda\/quienes-somos\/\",\"name\":\"Quienes somos - MGP Industrial\",\"isPartOf\":{\"@id\":\"https:\/\/mgpindustrial.cl\/tienda\/#website\"},\"datePublished\":\"2017-06-21T04:59:10+00:00\",\"dateModified\":\"2024-11-29T21:18:01+00:00\",\"breadcrumb\":{\"@id\":\"https:\/\/mgpindustrial.cl\/tienda\/quienes-somos\/#breadcrumb\"},\"inLanguage\":\"es-CL\",\"potentialAction\":[{\"@type\":\"ReadAction\",\"target\":[\"https:\/\/mgpindustrial.cl\/tienda\/quienes-somos\/\"]}]},{\"@type\":\"BreadcrumbList\",\"@id\":\"https:\/\/mgpindustrial.cl\/tienda\/quienes-somos\/#breadcrumb\",\"itemListElement\":[{\"@type\":\"ListItem\",\"position\":1,\"name\":\"Home\",\"item\":\"https:\/\/mgpindustrial.cl\/tienda\/\"},{\"@type\":\"ListItem\",\"position\":2,\"name\":\"Quienes somos\"}]},{\"@type\":\"WebSite\",\"@id\":\"https:\/\/mgpindustrial.cl\/tienda\/#website\",\"url\":\"https:\/\/mgpindustrial.cl\/tienda\/\",\"name\":\"MGP Industrial\",\"description\":\"Venta de insumos de aseo industrial y hogar\",\"potentialAction\":[{\"@type\":\"SearchAction\",\"target\":{\"@type\":\"EntryPoint\",\"urlTemplate\":\"https:\/\/mgpindustrial.cl\/tienda\/?s={search_term_string}\"},\"query-input\":{\"@type\":\"PropertyValueSpecification\",\"valueRequired\":true,\"valueName\":\"search_term_string\"}}],\"inLanguage\":\"es-CL\"}]}<\/script>\n<!-- \/ Yoast SEO plugin. -->","yoast_head_json":{"title":"Quienes somos - MGP Industrial","robots":{"index":"index","follow":"follow","max-snippet":"max-snippet:-1","max-image-preview":"max-image-preview:large","max-video-preview":"max-video-preview:-1"},"canonical":"https:\/\/mgpindustrial.cl\/tienda\/quienes-somos\/","og_locale":"es_ES","og_type":"article","og_title":"Quienes somos - MGP Industrial","og_description":"[vc_row css=&#8221;.vc_custom_1502334726697{margin-top: -25px !important;}&#8221;][vc_column][vc_column_text] Sobre MGP Industrial [\/vc_column_text][\/vc_column][\/vc_row][vc_row full_width=&#8221;stretch_row_content_no_spaces&#8221; css=&#8221;.vc_custom_1499060433376{background-color: #f6f6f7 !important;}&#8221; el_class=&#8221;about-top-txt&#8221;][vc_column width=&#8221;1\/2&#8243;][vc_empty_space][vc_single_image image=&#8221;1297&#8243; img_size=&#8221;500&#215;280&#8243; alignment=&#8221;center&#8221;][\/vc_column][vc_column width=&#8221;1\/2&#8243; el_class=&#8221;row-flex-text&#8221;][vc_column_text el_class=&#8221;col-50 ab-pages&#8221;] MGP Divisi\u00f3n de Art\u00edculos de Aseo Industrial Fue creada en el a\u00f1o 2015, para formar parte del mercado empresarial Chileno, dedicado a la Importaci\u00f3n, Comercializaci\u00f3n y Distribuci\u00f3n de art\u00edculos de Aseo&nbsp; Industrial y&nbsp; para [&hellip;]","og_url":"https:\/\/mgpindustrial.cl\/tienda\/quienes-somos\/","og_site_name":"MGP Industrial","article_modified_time":"2024-11-29T21:18:01+00:00","twitter_card":"summary_large_image","twitter_misc":{"Tiempo estimado de lectura":"2 minutos"},"schema":{"@context":"https:\/\/schema.org","@graph":[{"@type":"WebPage","@id":"https:\/\/mgpindustrial.cl\/tienda\/quienes-somos\/","url":"https:\/\/mgpindustrial.cl\/tienda\/quienes-somos\/","name":"Quienes somos - MGP Industrial","isPartOf":{"@id":"https:\/\/mgpindustrial.cl\/tienda\/#website"},"datePublished":"2017-06-21T04:59:10+00:00","dateModified":"2024-11-29T21:18:01+00:00","breadcrumb":{"@id":"https:\/\/mgpindustrial.cl\/tienda\/quienes-somos\/#breadcrumb"},"inLanguage":"es-CL","potentialAction":[{"@type":"ReadAction","target":["https:\/\/mgpindustrial.cl\/tienda\/quienes-somos\/"]}]},{"@type":"BreadcrumbList","@id":"https:\/\/mgpindustrial.cl\/tienda\/quienes-somos\/#breadcrumb","itemListElement":[{"@type":"ListItem","position":1,"name":"Home","item":"https:\/\/mgpindustrial.cl\/tienda\/"},{"@type":"ListItem","position":2,"name":"Quienes somos"}]},{"@type":"WebSite","@id":"https:\/\/mgpindustrial.cl\/tienda\/#website","url":"https:\/\/mgpindustrial.cl\/tienda\/","name":"MGP Industrial","description":"Venta de insumos de aseo industrial y hogar","potentialAction":[{"@type":"SearchAction","target":{"@type":"EntryPoint","urlTemplate":"https:\/\/mgpindustrial.cl\/tienda\/?s={search_term_string}"},"query-input":{"@type":"PropertyValueSpecification","valueRequired":true,"valueName":"search_term_string"}}],"inLanguage":"es-CL"}]}},"_links":{"self":[{"href":"https:\/\/mgpindustrial.cl\/tienda\/wp-json\/wp\/v2\/pages\/290","targetHints":{"allow":["GET"]}}],"collection":[{"href":"https:\/\/mgpindustrial.cl\/tienda\/wp-json\/wp\/v2\/pages"}],"about":[{"href":"https:\/\/mgpindustrial.cl\/tienda\/wp-json\/wp\/v2\/types\/page"}],"author":[{"embeddable":true,"href":"https:\/\/mgpindustrial.cl\/tienda\/wp-json\/wp\/v2\/users\/1"}],"replies":[{"embeddable":true,"href":"https:\/\/mgpindustrial.cl\/tienda\/wp-json\/wp\/v2\/comments?post=290"}],"version-history":[{"count":24,"href":"https:\/\/mgpindustrial.cl\/tienda\/wp-json\/wp\/v2\/pages\/290\/revisions"}],"predecessor-version":[{"id":2289,"href":"https:\/\/mgpindustrial.cl\/tienda\/wp-json\/wp\/v2\/pages\/290\/revisions\/2289"}],"wp:attachment":[{"href":"https:\/\/mgpindustrial.cl\/tienda\/wp-json\/wp\/v2\/media?parent=290"}],"curies":[{"name":"wp","href":"https:\/\/api.w.org\/{rel}","templated":true}]}}